 (2/3)/(8/36). Suppose -s*c - c - 16 = 0. What are the prime factors of (0 - c)/((-3)/(-6))?
2
Let x(c) be the first derivative of -3*c**2 + 18*c + 2. Let i be x(-5). What are the prime factors of (-4 - 5)/((-9)/i)?
2, 3
Let x(p) = 20*p**2 - 23*p - 57. What are the prime factors of x(-6)?
3, 89
Suppose 3*p = -2*j + 372, -2*j - 4*p = -j - 186. What are the prime factors of j?
2, 3, 31
Let u(q) = -q**2 - 16*q - 35. Let c be u(-16). Let k = c + 84. What are the prime factors of k?
7
Let m(g) = -2*g**2 + 4*g + 25. Let s be m(-5). Let p = s + 335. What are the prime factors of p?
2, 5, 29
Let k(l) = l**3 - 19*l**2 + l - 15. Let m be k(19). Suppose 424 = 5*i + 2*r - 208, -m*i + 4*r + 500 = 0. List the prime factors of i.
2, 3, 7
Let d(i) = -3*i**2 + i - 4. Let p be d(-3). Suppose 5*x - 55 = 2*q - 2, 3*q - 3*x = -75. Let c = q - p. What are the prime factors of c?
2, 5
Suppose 24 = 2*j + 14. Suppose -j*m + 10 = -0*m. Suppose 5*l - 18 = m*l. What are the prime factors of l?
2, 3
Let b(a) = a**3 - 20*a**2 - 5*a - 19. Let c be b(20). Let f = c + 269. What are the prime factors of f?
2, 3, 5
Let u be ((-96)/(-20))/(12/80). Suppose 4*x = 2*z - 12, 3*z - u = z - x. List the prime factors of z.
2, 7
Let g be (-18)/(-15)*20/6. Suppose -y + 3*h + 20 = 0, -2*y - g*h + h = -49. Suppose b - n - y = 21, 4*b - 192 = -4*n. List the prime factors of b.
2, 23
Let x(w) = 28*w**2 - 2*w + 3. List the prime factors of x(5).
3, 7, 11
Suppose -24 = -10*i - 4. Let f(g) = 54*g + 6. List the prime factors of f(i).
2, 3, 19
Let g(b) = b**2 + 12*b + 8. Let d be g(-12). Suppose -d*f + 259 = -45. List the prime factors of f.
2, 19
What are the prime factors of ((-2024)/(-10))/(3 + (-28)/10)?
2, 11, 23
Let t(b) = 49*b**2 - 8*b + 4. List the prime factors of t(5).
29, 41
Suppose -76 = -3*i - r, -2*i = 3*r + 2*r - 68. Suppose 53 = w + i. What are the prime factors of w?
29
Let u(l) = -4*l - 2. Let z be u(-2). Suppose 5*w = z*w - 48. Let d = w - 29. What are the prime factors of d?
19
Let p be 14/8 - 2/(-8). Let u(j) = -276*j**2 - 4 + 2*j**3 - 272*j**2 + 4*j + 544*j**2. What are the prime factors of u(p)?
2
Let f be (-72)/(-12) + 0 + -4. Suppose -r = 2*r - 5*p - 146, 0 = 4*r - f*p - 190. What are the prime factors of r?
47
List the prime factors of 3/(-12) + 3289/4 + -3.
3, 7, 13
Suppose -4 = -2*x, 5*v - 5114 = -2*x + 5990. What are the prime factors of v?
2, 3, 5, 37
Suppose f + 3*f + 20 = 5*c, -3*f = c - 4. Suppose f = 2*a - 0 - 6. Suppose w = -w - m + 5, -3*w + a*m + 12 = 0. List the prime factors of w.
3
Suppose 3*z - 5*z = -10. Suppose u = z*s - 7, -2*s + 1 = -u - 0. Suppose s*b - 6*b - 5*o + 40 = 0, 4*o = 2*b + 6. What are the prime factors of b?
5
Let g = 12 - -6. Let c = 19 + -23. List the prime factors of 279/g + 2/c.
3, 5
Suppose -h = -6*h + 5*w + 20, -4*h - 2*w + 10 = 0. Let p be 21 - h*6/9. Suppose 4*k - 157 = p. What are the prime factors of k?
2, 11
Let n = -1709 + 2623. List the prime factors of n.
2, 457
Let h = -863 - -1382. What are the prime factors of h?
3, 173
Let d = 17 + 17. Let w = -8 + d. List the prime factors of w.
2, 13
Let d be 3/(1/11 + 0). Let r = d - 15. List the prime factors of r.
2, 3
Let y(g) be the second derivative of g**5/20 - 2*g**3 + 25*g**2/2 + 20*g. What are the prime factors of y(6)?
13
Suppose 4 = -4*p + 20. Suppose -5*v + 10 = 5*l, -4*l = -0*l - p*v + 16. List the prime factors of 14*4/(-8)*l.
7
Let d(w) = -6*w**3 - 2*w**2 - 8*w. Let s(h) = h**3 - h**2 + 2*h + 1. Let c(v) = d(v) + 4*s(v). Let m be 36/(-10) - (-4)/(-10). List the prime factors of c(m).
2, 3
Let h(l) = 20 + 24 - 52 - 4*l. List the prime factors of h(-7).
2, 5
Let n be 16*-7*1/(-1). Let d = 485 + -424. Let j = n - d. List the prime factors of j.
3, 17
Let y = 16 - 93. Let f = 13 + y. What are the prime factors of f/(-2) - 2 - -1?
31
Suppose 0 = 14*i - 2*i - 24. Suppose -4*n + 771 = 2*v + 3*v, -i*n + 403 = -v. List the prime factors of n.
199
Let c(f) = f**2 + 6*f + 5. Let r be c(-6). Suppose 3*l + 2*l - 207 = -2*n, r*l - 15 = 0. Let z = n + -55. List the prime factors of z.
41
Suppose 0 = -o - 2*i + 8, -4 = -4*o - 2*i + i. Suppose -t - 4*q + o = -43, 3*q + 9 = 0. List the prime factors of t.
5, 11
Suppose -1723 = -2*j + 5*t, 2*j - 3*t + t - 1720 = 0. What are the prime factors of j?
859
Suppose 0 = -83*g + 163042 - 56636. What are the prime factors of g?
2, 641
List the prime factors of 1142 + 5 - (0 - (-1 + 0)).
2, 3, 191
Let v = 13 - 23. Let w be (-1)/(-3) + v/(-6). What are the prime factors of (-9 + 0)/(w - 3)?
3
Let y(q) = -q - 2. Let r be y(-2). Let m(d) = d**3 - d**2 + d + 6. Let a be m(r). Let i = a - 4. List the prime factors of i.
2
Let r = -694 + 2068. List the prime factors of r.
2, 3, 229
Suppose -14*x = -11*x + 201. Let n = x - -128. What are the prime factors of n?
61
Suppose -10*x + 984 = -1496. List the prime factors of x.
2, 31
Let o(f) = -12*f + 5. Let y(z) = -11*z + 4. Let m be 2*(-7 + 3)/(-4). Let s(a) = m*o(a) - 3*y(a). What are the prime factors of s(2)?
2
Suppose -3*i - 4255 = -4*c, -6*c + 5*c - 5*i + 1081 = 0. List the prime factors of c.
2, 13, 41
Suppose -8*h + 7*h + k + 289 = 0, 0 = -3*h - k + 883. What are the prime factors of h?
293
Let b = -823 - -1473. What are the prime factors of b?
2, 5, 13
Let p(b) = b**3 + 13*b**2 - 12*b + 20. Let i be p(-14). Let k = i - -29. List the prime factors of k.
3, 7
Let z(c) = 3*c**2 + 12*c + 4. Let n be z(7). Suppose 2*o - 223 - n = 0. List the prime factors of o.
229
List the prime factors of (-18)/(-315)*-10 + (-26618)/(-7).
2, 1901
Suppose -4*j - 2*x = -126, 3*x - 41 = -4*j + 82. Suppose -d + 3*d = -w - 17, -4*w = d + j. Let n(v) = -v**2 - 9*v + 5. List the prime factors of n(w).
19
Let n be 48/(-3)*(-2 - -3). List the prime factors of (n - -15)/((-2)/106).
53
Let x(j) = 22*j**2 + 2. Let w be (-4)/((18/(-3))/(-3)). Let v be x(w). List the prime factors of 2/(-11) + v/11.
2
Let r(v) = v**3 - 3*v**2 + 1. Let j be r(3). Suppose -j = -3*q - 10. What are the prime factors of 14/q*(9 + -15)?
2, 7
Let k = 5 - 1. Let o(a) = -k*a + 2*a - 3*a + 3*a. What are the prime factors of o(-10)?
2, 5
Suppose -4*f + 0*d + 5*d = -10708, -5376 = -2*f - 3*d. Suppose f = 10*l + 632. What are the prime factors of l?
5, 41
Let v(d) = 9 - 24 + 16 + 5*d. List the prime factors of v(7).
2, 3
Let d(b) = 2*b**2 + 4*b - 212. What are the prime factors of d(-26)?
2, 7, 37
Suppose 2 = m, -m + 4632 = 5*k + 770. List the prime factors of k.
2, 193
Suppose -25*y - 9782 = -41507. What are the prime factors of y?
3, 47
Suppose -4*d - g + 212 = 0, -2*d + 19 + 73 = -3*g. Suppose -6*o + d = -2*o. List the prime factors of o.
13
Let z(b) = -b**2 + 6*b + 4. Let i be z(8). Let l = i - -13. What are the prime factors of (34 - -2)*(l + 0)?
2, 3
Suppose -3*b + b + 6 = 0. Let h(l) = -3*l + 2 + 14*l + 0*l. What are the prime factors of h(b)?
5, 7
List the prime factors of 9014/5 - 12/(-60).
3, 601
Let b(x) be the first derivative of 2*x**3/3 + x**2/2 + 5*x - 14. List the prime factors of b(-9).
2, 79
Suppose 41*l - 51229 = 38602. List the prime factors of l.
7, 313
List the prime factors of 78*(2 + 4 + 25/(-5)).
2, 3, 13
Let o(z) = z**2 - z - 2. Let k be o(4). Suppose -3*j - 2*j + k = 0, j = -5*g + 67. Suppose -g*c + 16 = -11*c. List the prime factors of c.
2
Suppose 0 = 9*c - 11*c + 8. Let x = -39 - -41. Suppose -x*m = o - 36, -m - c*o + 2 = -9. What are the prime factors of m?
19
Suppose 4*v + 0*v + 3*i - 8 = 0, -17 = -3*v - 5*i. Let p be 28/(3 - v) + -3. Suppose p*z + 3*h - 171 = z, 0 = -5*z - h + 285. What are the prime factors of z?
3, 19
Let l = 122 - 119. Let t = 181 + -126. Suppose 0 = -l*o + 136 - t. What are the prime factors of o?
3
Let h(f) = -f**2 + 12*f - 4. Let l be h(14). Let x = l - -35. Suppose -5*b + 4*q + 97 = 0, 94 = b + x*b + 5*q. What are the prime factors of b?
3, 7
Let q(v) = -18*v**3 - v**2 + v. Let k be q(1). Let c(o) = 8*o - 6. Let g be c(6). Let t = g + k. List the prime factors of t.
2, 3
Let a be 4 - (-3)/9*3. Suppose a - 225 = -5*f + 3*j, 0 = -4*j. List the prime factors of f.
2, 11
Suppose -46*x + 1381 = -45*x. List the prime factors of x.
1381
What are the prime factors of (-3)/(66825/(-88956) - (-9)/12)?
7, 353
List the prime factors of 11*1 - (151 + -298).
2, 79
Let r = -16 - 1. Let v(u) = u**2 - u. Let t be v(-5). 